te w(-3).
3
Let o(w) be the second derivative of w**4/12 + w**3/6 - 3*w**2/2 - 6*w. What is o(-4)?
9
Let s = -3 + 2. Let i(a) be the second derivative of 3/4*a**4 + 0*a**3 - 3*a + 0 - 1/2*a**2. What is i(s)?
8
Let c(z) = z**3 - z**2 - z - 1. Let g(k) = -2*k**3 - 2*k**2 + k + 4. Let d(l) = c(l) + g(l). Determine d(-3).
3
Let x(d) = -7*d - 11. Let a(y) = 2*y + 3. Suppose 3*b - q = -0*b + 16, -2*b + 2*q = -8. Let f(o) = b*x(o) + 22*a(o). Let k be (-2)/(-2)*(2 - 3). Determine f(k).
-2
Let g(p) = -p**3 + p**2 - 6. Let q be g(0). Let l(y) = y + 8. Give l(q).
2
Let p(t) = -7*t - 3*t + 8*t - t**2. Suppose 3*m = 4*y + 28, -4*y = -6*y - 8. Suppose 0*a = m*a + 16. What is p(a)?
-8
Let w = 23 - 15. Let p = w - 7. Let b(d) = -d + d**3 - p + 0*d + 0*d**2 + d**2. Determine b(0).
-1
Let c = 25 + -31. Let i(f) = -f**3 - 6*f**2 - 5. What is i(c)?
-5
Let g(t) = -4*t - 3 - 1 - t**2 - t. Let u be g(-5). Let a(m) = 4*m - m - m**2 + 2*m**2. What is a(u)?
4
Let h(i) = -6 - 6 - i + 6. What is h(-7)?
1
Let o(p) = -p**2 - 5*p + 7. Let z(d) = -2*d**2 - 5*d + 8. Let w(u) = 4*o(u) - 3*z(u). Give w(3).
7
Let d(o) = 70*o - 20*o - 29*o + 1 - 19*o. Give d(-3).
-5
Let q(n) = 0*n - 3*n + 1 + 7*n**2 - 5*n + 75*n**3 - 76*n**3. Give q(6).
-11
Let m(b) = -b**2 + 0*b - 3*b**2 + 2*b**2 - 4*b. Suppose 0*f - 2*f = -4. Suppose -7 - f = 3*w. Determine m(w).
-6
Suppose 0*a + 5*m = 3*a - 5, 0 = 2*m + 2. Let c(n) = -3*n + a - 1 + 2*n. Let k(p) = p**3 - 7*p**2 + 6*p + 3. Let r be k(6). Determine c(r).
-4
Let j(c) = 2*c**2 - c**3 + c**2 + 2*c**3 + c. Let r be j(-2). Let x(m) = -1 + 9*m - m**3 - 3 - 5*m - 4*m**r. What is x(-5)?
1
Let v(n) = n**3 - n**2 + n. Let r(a) = 2*a**3 - 3*a**2 + 2*a - 1. Let f(h) = -r(h) + 3*v(h). What is f(-1)?
-1
Let j(y) = y - 1. Let k(i) = i - 6. Let c(z) = -5. Let w(h) = 3*c(h) - 2*k(h). Let o(s) = 5*j(s) + w(s). What is o(6)?
10
Let k(w) = 4 + 2*w + 3*w - 5*w + 5*w. Give k(-3).
-11
Let g(m) = -5*m**2 - m. Suppose -4*d = -3*k - 12, 2*k = -d - 0*d + 3. Suppose -5*h + 4*l - 6 = 3, -4*h - 7 = -3*l. Let w = h + k. What is g(w)?
-4
Suppose -4 = 6*a - 8*a. Let q(l) = -l**3 + l**2 + 3*l - 3. Determine q(a).
-1
Let t(s) be the third derivative of s**4/12 + s**3/2 + 2*s**2. Let f(d) = 6*d + 7. Let z(n) = -n - 1. Let l(g) = 6*f(g) + 39*z(g). Let i be l(2). Give t(i).
-3
Let c(b) = b + 1. Let r(u) = 2*u + 10. Let m(w) = 4*c(w) - r(w). Determine m(4).
2
Let o(p) = -p**2 + 3*p - 1. Let c be o(3). Let u(j) = -9*j + 1. Give u(c).
10
Let f be 6/9*(3 + 0). Let b be f/(-8) - (-6)/(-8). Let n = 2 + b. Let v(r) = -r - 1. Determine v(n).
-2
Suppose 0 = -8*k - 8. Let b(m) = -5*m**2 + m. Calculate b(k).
-6
Let l = 3 + -3. Let k be -2 + l + 1 + 2. Let n(t) = 3*t - 2 - t + k. Give n(-1).
-3
Let n(d) be the second derivative of -d**6/120 - d**5/120 + d**4/12 + 3*d. Let o(p) be the third derivative of n(p). What is o(-1)?
5
Let l(k) be the second derivative of 2*k**3 + k**2/2 - 2*k + 18. Suppose -5*z - 6 = -1. Give l(z).
-11
Suppose -2*i - i = 18. Let t be (-12)/(-4 + 8) - -15. Let w(r) = 23 - r**2 - 12 - 6*r - t. What is w(i)?
-1
Let s(w) = w - 2. Let a be s(3). Let p(l) be the second derivative of -l**5/5 + l**4/12 + l**3/6 - l**2/2 - 3*l. Determine p(a).
-3
Let f(r) = -4 - 10*r + 14*r - 1 + r**2 - 8*r. Suppose -2*k + 9 = 1. Give f(k).
-5
Let j = -6 + 8. Let h(v) = v - j*v - v - v + 1. Let b be 0/(-2 + 5) + -1. Determine h(b).
4
Let x(p) be the first derivative of -p**4/4 - 7*p**3/3 - p**2/2 - 7*p + 4. Determine x(-7).
0
Let v(n) = n**3 - 5*n**2 + 4*n + 4. Let m be v(4). Let h(a) = a + a - m - 2 - a. What is h(3)?
-3
Let z(d) = -d**3 + 5*d**2 - 3*d - 1. Suppose -r + t - 4*t + 16 = 0, -5*r - 3*t + 32 = 0. Calculate z(r).
3
Let j(n) = -3*n + 2*n - n**3 - 5*n**2 + 2 + n**2 + 2. What is j(-4)?
8
Suppose -n = -4*n + 6. Let h(c) = c + 1 - c**2 - 4*c + 0*c**n. Calculate h(-4).
-3
Let n(k) = k + 1 - k**2 + k + 0. Suppose 2*g - 4*g + 6 = 0. Suppose -x = -4*j - j, -g*x - 14 = -j. Give n(j).
-2
Let b(g) = -g**2 + 8 - 5 - 6 - 7*g. Let r be 1/((-1)/(-7)*-1). Calculate b(r).
-3
Let m(k) be the first derivative of 1/3*k**3 - k**2 + 4 + 0*k. Determine m(2).
0
Let b(w) = 3*w**2 + 3*w + 2. Suppose -4*x + 9*q = 4*q + 18, 0 = -3*q + 6. Give b(x).
8
Let p(j) = j**2 - j - 5. Let t = 1 - -2. Suppose -7*q = -t*q - 4*l - 24, -3*l = q + 2. Determine p(q).
7
Suppose 1 - 16 = 5*h. Let j = -1 + h. Let m(w) = -1. Let c(i) = i - 4. Let a(o) = -c(o) - m(o). What is a(j)?
9
Let b(j) = 14*j**3 - 12*j**2 - 8*j. Let g(t) = -5*t**3 + 4*t**2 + 3*t. Let l(k) = 4*b(k) + 11*g(k). Determine l(4).
4
Let h(j) be the first derivative of -1/2*j**2 + 2*j - 3. Determine h(3).
-1
Let d(i) = -2*i**3 - 3*i**2 + 2. Let p(n) = n - 5. Let l be p(5). Suppose -2*y + y = -3*v + 5, 5*y - v + 11 = l. Determine d(y).
6
Let h = -6 + 6. Suppose 4*j + 1 + 11 = h. Let d(m) = -3*m - m**2 + 0*m - 3*m - 2. What is d(j)?
7
Let j(z) be the third derivative of z**6/10 + z**5/60 - 7*z**2. Give j(1).
13
Let i(j) = -j**2 - 5*j - 1. Suppose 2*c + 5*g - 24 = 0, -3*g = -5*c + g + 27. Let v = c + -11. Determine i(v).
3
Let l(x) be the third derivative of -x**4/12 + x**3/6 - 7*x**2. Give l(2).
-3
Let j(y) = 5*y**3 + 6*y**2 + 14*y - 6. Let i(h) = 11*h**3 + 12*h**2 + 29*h - 13. Let l(v) = 6*i(v) - 13*j(v). Determine l(7).
-7
Let n = 3 - 7. Let a = -3 + n. Let o(v) = v + 6. Let u be o(a). Let y(q) = -5*q**2 - 2*q - 1. Give y(u).
-4
Let y = 38 + -37. Let m(i) = -i + 2*i + 8*i**2 + i - 1. Calculate m(y).
9
Let m(h) = h + 5. Let c(d) = -d**3 + 5*d**2 + 6*d + 6. Let y be c(6). Suppose -3*l + y = -9. Give m(l).
10
Let p(q) = -10*q**2 + q - 1. Let n(x) = x - 14. Let v be n(15). Determine p(v).
-10
Suppose -3*z - 5*g = -14, 0*g + 7 = 3*z - 2*g. Suppose 0 = 4*b - 5*b. Suppose z*k - k + 4 = b. Let o(v) = -2*v**2 - 4*v - 2. Calculate o(k).
-2
Let w(r) = -4*r + 6. Let m be w(2). Let n(d) = d**3 - d + 2. Calculate n(m).
-4
Let w(f) = -2*f + 2. Let d = 0 - -1. Suppose -3*s + 2 = -d. Suppose 0 = g + 2 + s. Give w(g).
8
Let q(f) be the second derivative of f**3/2 + f**2 - f - 3. Calculate q(4).
14
Let f(c) = -c**3 + 6*c**2 - 3*c - 4. Let d(n) = -n**3 + 2*n + 1. Let p be d(-2). Determine f(p).
6
Let i(y) be the second derivative of y**4/12 + y**3/3 + 3*y**2/2 + 2*y. Let w be i(-2). Let m(s) = -s - 4. Calculate m(w).
-7
Suppose 0*d = -3*d + 2*w - 16, -10 = -2*w. Let r(u) = -u**3 - u. Give r(d).
10
Let z(q) be the first derivative of q**4/12 + q**3/6 - q**2 - 7*q + 9. Let o(w) be the first derivative of z(w). Determine o(3).
10
Suppose 0 = -2*w - 3*w. Suppose -u = -w*u. Suppose u = -2*p - 3 + 1. Let d(s) = 6*s - 1. Determine d(p).
-7
Let i(b) = b + 1. Let j(t) = -2*t - 8. Let z be j(-6). Let m(y) = -2*y - 3. Let r(v) = z*m(v) + 9*i(v). Let a = 12 + -12. Give r(a).
-3
Let n(t) = t**3 - 3*t**2 + 3*t - 3. Suppose 0 = -3*h + h. Suppose h = 5*y - 2*y - 9. Determine n(y).
6
Let u(z) = -z**2 - 5 + z**2 - z**2 + 5*z + 2*z**2. Let c be u(-6). Let p be c*2/(4/2). Let h(k) = -k + 1. Give h(p).
0
Let i = -4 - -7. Let d(o) = -2*o**2 - 3*o + 1. Let x(u) = -u**2. Let w(j) = i*x(j) - d(j). Let a = -6 + 8. What is w(a)?
1
Let j(c) be the second derivative of -c**4/12 - c**3/3 - 3*c**2/2 + c. Let p = 72 - 148. Let m be p/20 - 8/(-10). What is j(m)?
-6
Let k(o) = -o**3 + 6*o**2 - 6*o + 2. Let w(x) = 11*x - 6. Let r be w(1). What is k(r)?
-3
Let j(q) = q**3 + 11*q**2 + 13*q + 6. Let s(x) = -x**2 - x. Let v(z) = j(z) + 3*s(z). Calculate v(-6).
18
Suppose 5*n - 5*d + 5 = 0, 3*n - 7*n + 2*d = 10. Let p(s) be the third derivative of s**5/60 + s**4/8 - s**3/2 - 2*s**2. Determine p(n).
1
Let p = -22 + 9. Let w = 12 + p. Let m(s) = -9*s**2 - s - 1. Calculate m(w).
-9
Suppose 4*b + 0 = 4. Let n(g) = 8*g**2 + g - 1. Give n(b).
8
Let w(k) = -k**3 - 5*k**2 + 6*k - 1. Let j be w(-6). Let q(i) = i - 1. Give q(j).
-2
Suppose 2*a - 9 = -5*h, 0 = 2*a + 2*a + 2*h - 10. Let k(q) = 0*q**2 + 2*q**3 + 2*q**a - 1 + 2. Suppose -8*w + 2*w - 12 = 0. What is k(w)?
-7
Let p(r) = r + 2. Let n = 12 + -21. Let z be ((-6)/n)/(2/(-6)). Give p(z).
0
Let x(j) = -j**3. Let g(s) = -s**3 - s**2 - 4. Let d(c) = -g(c) + 2*x(c). Let f = -4 + -1. Let r(w) = -w - 5. Let y be r(f). What is d(y)?
4
Suppose 5*g - 21 = 3*r, -g - 11 = 4*r + 17. Let u(y) = -y + 2*y - 11*y**2 - 10 - 17*y**2. Let p(b) = 9*b**2 + 3. Let n(c) = r*p(c) - 2*u(c). What is 